+ 32*y + 5. Let n be b(15). Let c be -1 + 16 + 1 + -2. Calculate the greatest common divisor of n and c.
7
Let o(y) = 29*y**2 + 2*y - 2. Let p be o(1). What is the highest common factor of 58 and p?
29
Suppose -2*h = 2*h - 32. Suppose -1 = d - h. Calculate the greatest common divisor of 28 and d.
7
Let w = 5 + -19. Let p = -3 - w. Calculate the highest common divisor of 121 and p.
11
Let i = 81 - -40. What is the highest common divisor of i and 11?
11
Let s(k) = -k + 14. Let v be s(11). Let t(d) = 10*d - v*d - 6*d - 7. Let l be t(11). Calculate the greatest common factor of l and 2.
2
Let i = 57 - 54. What is the greatest common factor of i and 3?
3
Suppose 2*i + 1 = -3*z + 2, 0 = 2*i + 4*z + 4. Suppose -88 = 24*g - 25*g. Calculate the greatest common factor of i and g.
8
Let x = -42 - -51. What is the greatest common factor of 18 and x?
9
Let a = 16 + -9. Let c be 3/6 + (-2)/4. Suppose -4*u + 4*o + 312 = c, -4*u = 7*o - 3*o - 304. Calculate the greatest common factor of a and u.
7
Let u be -3*(1 + 236/6). Let m = u + 457. Suppose 96 = -4*j + m. Calculate the highest common divisor of j and 24.
12
Let j(b) = 15*b + 4. Let q be j(3). What is the greatest common factor of q and 7?
7
Suppose -4*v = 5*i - 7*v + 12, 4*v = 5*i + 11. Let m be i*(438/(-9) + -2). What is the highest common divisor of m and 19?
19
Let n = 27 + -23. Let y = -7 - -11. Calculate the highest common factor of y and n.
4
Suppose 10*i - 56 = 3*i. Calculate the highest common factor of 20 and i.
4
Let t = -132 + 412. What is the highest common factor of t and 28?
28
Let l(a) = -3*a**3 + 4 - a**2 + 2*a**3 - 7*a**2 - 4*a + 3*a**2. Let v be l(-4). Calculate the greatest common divisor of v and 12.
4
Let r = 92 + -85. What is the greatest common divisor of 49 and r?
7
Let d be (-3 - 1)/((-2)/11). Calculate the greatest common divisor of d and 154.
22
Suppose 4*k = 20 + 16. Calculate the greatest common factor of k and 63.
9
Let c(s) = -30*s**3 + s**2 - 1. Let g be c(-1). Let h = 107 - g. Calculate the greatest common factor of h and 11.
11
Let p = -7 - -11. Suppose 30 = -j + p*j. Let l = -1 + 91. Calculate the highest common divisor of l and j.
10
Let o be (-3)/(-3 + (-27)/(-12)). Suppose 8*g - 4*g - 16 = 0. What is the highest common divisor of o and g?
4
Suppose -7 + 2 = -z. Let y be (-5)/(-3)*15/z. Let a(w) = -3*w**3 + 2*w**2 - 3*w - 3. Let v be a(-2). Calculate the greatest common factor of y and v.
5
Suppose -4*h + 350 = -90. Let s be -2*(-66)/(-9)*-3. What is the highest common divisor of h and s?
22
Let r(p) = p**2 - 4*p + 11. Let b be r(4). Calculate the greatest common factor of 11 and b.
11
Let o(k) = -k**2 + 7. Let x be 0/(-1 + 1 - 1). Let s be o(x). What is the greatest common divisor of s and 49?
7
Suppose o = -2*o + t + 240, -2*t + 249 = 3*o. What is the greatest common divisor of 9 and o?
9
Let f(w) = w**3 + 13*w**2 + 6*w + 9. Let i be f(-12). What is the greatest common factor of i and 9?
9
Let i(c) = 18*c - 2. Let m be i(2). Let o be 8/(-10)*(6 - 1). Let f be (48/(-8))/(o/34). What is the greatest common factor of f and m?
17
Let u(d) = 7*d**2 + 4*d - 14. Let z(k) = -13*k**2 - 8*k + 27. Let r(q) = -11*u(q) - 6*z(q). Let b be r(-6). Calculate the greatest common divisor of 4 and b.
4
Suppose 4*f + 0*f = 16. Let g(j) = 2*j**2 + 6*j - 12. Let d be g(-5). What is the highest common factor of d and f?
4
Let g(u) = -u - 3. Let b be 7/2*(-1 - 1). Let y be g(b). Suppose 0 = -y*m + 13 + 7. Calculate the greatest common divisor of 55 and m.
5
Suppose h + 40 + 9 = 4*a, 3*h - 7 = -2*a. Calculate the highest common divisor of a and 1.
1
Let z = 4 - 1. Let c = 103 + -70. Calculate the highest common factor of c and z.
3
Suppose -3*k + 2 = t, 19 = 4*t - 5*k - 6. Let l be 444/15 - (-2)/t. Suppose -6*v + v = -l. What is the highest common factor of 66 and v?
6
Let x be 2 - -23 - 4 - -3. What is the greatest common divisor of x and 6?
6
Let r = -134 + 158. Calculate the greatest common factor of 240 and r.
24
Suppose 13 - 108 = -5*w. Suppose 3*i - 16 - w = 4*z, -z - 5 = 0. Let k(q) = q + 10. Let f be k(0). Calculate the highest common factor of i and f.
5
Suppose 2*l = -2*l + 448. Calculate the highest common divisor of 7 and l.
7
Let h = 43 + -22. Suppose -2*q = q - h. Let w = 203 - 140. What is the greatest common divisor of q and w?
7
Suppose -n - 4*z = -10, -2*n = 5*z + 5 - 22. Let c be (148/(-2))/((-18)/(-27)). Let d = c - -177. Calculate the highest common factor of d and n.
6
Let d(v) = 74*v**2 + v + 2. Let t be d(-1). What is the highest common factor of t and 15?
15
Let k = 9 - 33. Let r = -8 - k. Let t = r - 7. What is the greatest common factor of 9 and t?
9
Let l(b) = -b**3 - 9*b**2 - 7*b + 10. Let f be l(-8). Suppose 0*j + 3*j = -5*s + 20, -f*s - 85 = -5*j. Calculate the greatest common factor of 15 and j.
15
Suppose -5*t + 715 = -0*t. What is the highest common factor of 13 and t?
13
Let i be 41/2 + 4/(-8). What is the highest common factor of 20 and i?
20
Let y(g) = 12*g**2 + 33*g + 5. Let d be y(-5). Suppose -59 = -3*u + h - 6*h, 0 = -h - 5. Calculate the greatest common divisor of d and u.
28
Let u(i) = 0 + 2 - 7*i - 3. Let n be u(-3). Let g = 38 - n. What is the highest common divisor of 9 and g?
9
Suppose -64 = 7*t - 85. Let h(i) = 2*i**2 - 2*i - 1. Let v be h(2). Calculate the highest common divisor of v and t.
3
Suppose -5*a + 10 + 5 = 0. Suppose 2*w + r - 15 = 0, -4*w - 18 = -7*w - a*r. Calculate the greatest common factor of w and 63.
9
Let q(p) = -p**3 + 3*p**2 + 3*p + 6. Let d be q(4). Calculate the greatest common divisor of 2 and d.
2
Let p(j) = 3*j - 2. Let i be p(10). Let a(g) = 2*g**2 - 4*g. Let b be a(7). What is the highest common divisor of b and i?
14
Suppose -3*z + 65 + 43 = 5*r, -5*z + 180 = -3*r. Suppose 188 = 4*u - 4*j + 44, -u + z = -2*j. Calculate the greatest common divisor of u and 12.
12
Suppose s = -s + 4. Suppose -t - 200 = -4*i + 4*t, -s*t + 8 = 0. Let m(z) = -z**2 + 9*z + 4. Let b be m(6). What is the highest common divisor of i and b?
11
Let m(l) = -8*l + 23. Let k be m(-4). What is the highest common divisor of k and 22?
11
Suppose -4*k = -4*l + 60, -33 = -2*l + 5*k + 6. Let f be (2/4)/(1/l). Let m = f - -2. Calculate the highest common factor of m and 24.
8
Let m = -143 + 183. Calculate the highest common factor of m and 8.
8
Let n(p) = -p**2 + 16*p + 4. Let o be n(17). Let a be (-1)/(-2) - 138/(-4). Let d = a - o. What is the highest common factor of d and 12?
12
Let h = 16 + -1. What is the greatest common factor of h and 15?
15
Let v be (-1456)/(-6) - (-20)/(-30). What is the greatest common factor of v and 22?
22
Let u = 32 + 13. Let j be (-1)/(2 - u/21). What is the greatest common divisor of j and 28?
7
Let h = 80 - 72. Let c(i) = 4*i - 4. Let p be c(3). Calculate the highest common divisor of p and h.
8
Suppose -2*q - 22 + 82 = 0. Let b be 24/10 + 18/q. Suppose b + 57 = 5*f. What is the highest common factor of 6 and f?
6
Let v(n) = n**2 + 9*n - 6. Let x be v(-12). What is the greatest common divisor of x and 20?
10
Let l = -20 + 36. Suppose -i - 2 = 0, -3*t + t + 76 = 2*i. Calculate the highest common factor of t and l.
8
Let s(p) = -p - 13. Let d be s(-21). What is the greatest common factor of d and 32?
8
Let g = 11 - -1. Let f = -12 - 10. Let t = 46 + f. What is the highest common divisor of g and t?
12
Let d(f) = 1032*f. Let l be d(3). Let y be (-2)/11 + l/88. Let q(o) = 2*o**2 + 5*o + 2. Let n be q(-4). Calculate the highest common factor of y and n.
7
Let c be 0 - -3 - 104/4. Let z = c + 31. What is the greatest common divisor of 24 and z?
8
Suppose 0 = d - 13 - 125. Let j = 246 - d. Let g(z) = -z**3 + 3*z**2 + 5*z - 3. Let l be g(3). What is the highest common factor of l and j?
12
Let y be 5 + 1 + -2 + 172. Calculate the highest common factor of y and 16.
16
Suppose 0 = -v - 3*i - 6, 29 + 14 = 2*v - 5*i. Suppose -2*r - 2*r + 8 = 0. Let j be 146/4 - 1/r. Calculate the highest common divisor of j and v.
9
Let o be (-2 - 4) + (-9)/(-3). Let j be (-14)/((-2 - o) + -2). What is the greatest common divisor of j and 126?
14
Let c be (-16)/(-80) - ((-238)/10 - -2). What is the highest common divisor of c and 88?
22
Suppose -16 - 35 = -d. What is the highest common factor of d and 102?
51
Suppose 5*j - 4*j = 13. Suppose v